posite number?
False
Suppose -c - 4*c = 0. Let h(r) = r**2 - r + 47. Is h(c) a prime number?
True
Is (343 - -1) + 1 + -4 composite?
True
Let y = 30 + 1. Is y composite?
False
Let j(l) = 634*l**3 + l**2 - l + 1. Is j(1) a composite number?
True
Is 2 + (371 + -20 - (0 + -2)) a composite number?
True
Let w = 0 - 5. Let r be (-4)/2*w/(-10). Let g(k) = -7*k - 1. Is g(r) a prime number?
False
Suppose 4*t - 9 = 3*n, 4*n = -0*t - 5*t - 12. Suppose -4*h + b + 2*b + 98 = t, -5*h = 5*b - 105. Is h prime?
True
Is ((-1226)/(-4))/((-3)/(-6)) prime?
True
Let c(k) be the third derivative of -k**6/144 + k**5/60 + k**4/12 - 2*k**2. Let o(l) be the second derivative of c(l). Is o(-7) a composite number?
False
Suppose 2*z - h - 3*h - 82 = 0, z + h - 35 = 0. Let m = z + -26. Is m prime?
True
Let g = 125 - 80. Suppose 3*a = -12 + g. Is a a composite number?
False
Let x(u) = 171*u - 44. Is x(5) prime?
True
Let r = 388 + 399. Is r composite?
False
Suppose 279 = 4*n - 2*h + 3*h, 4*h = -20. Suppose -2*y = -3*x + n, -3*y + 2 = 5. Is x a prime number?
True
Let q = 301 + -168. Is q composite?
True
Suppose 1630 = 42*i - 40*i. Is i prime?
False
Suppose -5*v - 2*s - 8860 = 0, 4*s + s = -5*v - 8860. Let h = -1185 - v. Is h composite?
False
Suppose -63*g - 30985 = -68*g. Is g composite?
False
Let q(y) = 152*y - 2. Let d be q(1). Let s = d - -211. Is s a prime number?
False
Suppose -245 = -3*z + 232. Suppose -5*l - 3*j = -1643, 3*l - 1168 = 4*j - z. Is l a composite number?
False
Let f(l) = -29*l - 1. Let p be f(-1). Suppose -p = -m + 66. Is m a prime number?
False
Let s be (-1 - 0)*3/(-1). Suppose 5*f - 3*w - 218 = 0, -s*f + 2*w = -171 + 40. Is f composite?
False
Suppose -7*z + 2*z = 0. Suppose z = -4*c - 5 + 21. Suppose -c*a - 4*t = -48, 2*a + 3*t = 5*a - 42. Is a a composite number?
False
Suppose 4*h = h + 801. Let m = h - 146. Is m composite?
True
Let c(b) = -115*b**3 - b**2 + 3*b + 3. Let g be c(-2). Let w = g - 392. Suppose -a = v - 256, 5*a - v = 3*a + w. Is a composite?
True
Let r be (3/4)/((-33)/(-176)). Suppose -r*s - 126 + 474 = 0. Is s a composite number?
True
Let f = -1190 - -1987. Is f a composite number?
False
Let i = -6 - -8. Let a = i + 1. Suppose a*h - 283 = 200. Is h a prime number?
False
Let c(k) be the second derivative of 2*k**3/3 + 3*k**2/2 - k. Let z = -4 - -9. Is c(z) a prime number?
True
Let a(r) = -r**2 - 5*r + 3. Is a(-4) a prime number?
True
Suppose 6*v - 1081 = 5*v. Is v a composite number?
True
Let a(n) be the third derivative of 1/120*n**6 + 0*n**5 - 1/6*n**3 + 0*n + 0 + n**2 + 1/8*n**4. Is a(3) a composite number?
True
Suppose 3*n + 77 = x, -2*x = -4*x + 3*n + 154. Is x a composite number?
True
Let p(y) = 6*y - 2. Let h be (-1)/(3/6*-1). Let g be p(h). Suppose g = 4*r - 2*q, 4*r - 7 = r + 2*q. Is r a composite number?
False
Let b(d) = -63*d + 3. Is b(-6) composite?
True
Is 3 - 2 - (0 - 266) composite?
True
Let f = 3 + 3. Let d = 11 - 27. Is d/(-10) + f/15 a prime number?
True
Let g = 158 - -711. Is g composite?
True
Suppose -5*n + 435 = -2*w, -6*w + 7*w = 0. Is n prime?
False
Let n(a) = -86*a**2 + 2*a + 2. Let j = 2 + -3. Let h(c) = -c**2 + c + 1. Let d(f) = j*n(f) + 3*h(f). Is d(-1) prime?
True
Suppose -o - 4*j - 28 = -2*o, 3*o - 64 = 2*j. Suppose -4*b - h + o = -70, -5*b - 4*h = -107. Is b a composite number?
False
Suppose -5*w - 1858 = -0*w + o, 4*w = -5*o - 1499. Let d = -247 - w. Suppose -3*y + d = y. Is y prime?
True
Let o be ((2 + 1)/1)/1. Let b(s) = 3*s**2 + 4*s - 2. Is b(o) a composite number?
False
Suppose 4*m = -o - 5, o + 6*m = 3*m - 3. Suppose 150 + 81 = o*y. Is y composite?
True
Suppose 3*q = 8 + 1. Suppose 0 = -q*d + 248 - 35. Is d a prime number?
True
Suppose j + 5*a - 39 = 0, j - 2*a - 68 = -3*j. Is j a prime number?
True
Suppose -75 = -4*p - 4*h + 1, h - 79 = -5*p. Is p a prime number?
False
Let q = 2 - -17. Is q prime?
True
Suppose -360 = 5*x - 9*x. Let u = 169 - x. Is u composite?
False
Suppose 5*a = -5*o + 124 - 24, -5*o = 3*a - 94. Suppose 5*p - o = -v, 4*p = -2*v + 4*v + 8. Suppose -7*g + v*g + 115 = 0. Is g a composite number?
False
Let c(m) = 7*m - 14*m - 3*m - 31*m + 20. Is c(-15) a composite number?
True
Let m(w) = -254*w + 1. Let i be m(-1). Suppose u - 2*j - 10 = -4*u, -5*u + 3*j = -10. Suppose -3*x - 187 = -u*v, 3*v + 4*x = -0*v + i. Is v a composite number?
False
Suppose 0 = -z - 17 + 7. Is (205/(-10))/(1/z) a composite number?
True
Suppose -4*f + 14 = -4*y + 6*y, 17 = 4*f + 5*y. Suppose -2*u = f*l - 101, -2*u - 106 = -3*l - 3*u. Is l a prime number?
True
Let u(m) = 11*m**2 + m - 23. Is u(9) composite?
False
Let g be ((-2)/(-4))/((-2)/(-8)). Suppose -a + 196 = -g*a. Let w = a - -315. Is w a prime number?
False
Suppose -1217 = -10*h + 10773. Is h a prime number?
False
Let s(y) = -y**3 + 3*y - 2. Suppose 2*i - i - 2 = 0. Let d be s(i). Is ((-200)/(-12))/(d/(-6)) prime?
False
Suppose 0 = -2*g + 372 + 136. Is g prime?
False
Suppose -2*r + 2*g + 26 = 0, -r + 4*g + 0 + 7 = 0. Let a be (12/r)/((-2)/(-5)). Is (-2 + 2)/a + 59 prime?
True
Is 73*4/8*(22 - 0) a composite number?
True
Let c(h) = -h**2 + 13*h - 4. Let w be c(13). Let i be (-4 - w)*1/2. Suppose i = 3*y - 7*y + 196. Is y a prime number?
False
Let t = 10 + -7. Suppose 4*s + 19 = t. Let n(k) = k**2 + 2*k - 1. Is n(s) prime?
True
Suppose 121 = 4*b - j, 0 = -4*b + 2*j - 0*j + 126. Let v = 98 - b. Is v a prime number?
False
Let v be 4/(-6) + (-186)/(-9). Suppose -5*u + v = -375. Is u a composite number?
False
Is (-2670)/(-14) + (-5)/((-70)/4) a prime number?
True
Suppose 5*y = 1072 + 543. Is y prime?
False
Let a(d) = -9*d + 6 + 6 + d**2 + 0*d**2. Let u be a(8). Suppose b - 51 - 64 = u*c, 2 = -2*c. Is b a composite number?
True
Is 70 + (45/(-35) - 4/(-14)) composite?
True
Let f(r) = -r + 3. Let n be f(2). Let u(l) = 8*l - 1. Is u(n) a prime number?
True
Let q(c) = -7*c + 631. Is q(0) a prime number?
True
Let k = 94 - 33. Suppose 2*b - 120 = 5*h, -b + k = -0*h - 3*h. Is b a composite number?
True
Let l = 3 - 13. Let b = 25 - l. Is b a composite number?
True
Is -6*(-2 + (-246)/4) a prime number?
False
Suppose 3*f = -5*w + 3*w + 8, -3*f + 20 = 5*w. Suppose 0 = -6*a + 5*a + 4, w*i + a - 376 = 0. Is i prime?
False
Let a be (18/(-12))/((-1)/2). Is (-5)/(-15)*a*10 composite?
True
Suppose y - 8 + 1 = 0. Suppose 2*r + 265 = y*r. Is r a prime number?
True
Suppose 2*l + 3*l - 19841 = -2*h, -3*l - 2*h = -11907. Is l a prime number?
True
Let n be ((-4)/5)/(4/(-30)). Suppose 0 = s + s - n. Suppose 0 = -6*a + s*a + 78. Is a a composite number?
True
Let s = -1101 - -1574. Is s composite?
True
Let i = 2 - 3. Let o = 2 - 0. Let d = o - i. Is d prime?
True
Let r = -5223 + 7508. Is r a prime number?
False
Suppose -2*i + 3*l + 599 = 0, -2*i + i - 5*l = -280. Is i prime?
False
Let t = 6 + -3. Suppose 0 = t*n + 4 - 22. Suppose 3*s - n = 105. Is s a composite number?
False
Let p(z) = -50*z - 1. Let c be p(-2). Let x = c + -71. Suppose -q = q - x. Is q a composite number?
True
Suppose -t - 5*w - 38 = -2*t, -56 = -4*t - 4*w. Let z = t + -11. Is z a prime number?
True
Suppose 0*z = 6*z - 7266. Is z prime?
False
Suppose j + 5*i = 14, i = 3*j - i - 59. Suppose 3*y - 5*a = -17, 5*y + 4*a = -j + 3. Is 642/12 + 2/y prime?
True
Suppose -4*r + a + 2*a + 11371 = 0, -5696 = -2*r - 2*a. Is r a prime number?
False
Let g(p) = p**3 + 7*p**2 + 6*p + 6. Let o be g(-6). Is (110/(-15))/((-2)/o) a composite number?
True
Is (6*1/(-5))/(60/(-700)) prime?
False
Let y be (6/5)/(6/15). Suppose -183 = -y*s + 570. Is s composite?
False
Let j = 0 - -3. Suppose -5*w - 2*u = 820, -2*w - u + j*u = 342. Is (-2 + 4)/((-4)/w) composite?
False
Let i = 10777 + -6116. Is i a prime number?
False
Let h(s) = s + 6. Let t be h(-7). Let f be 0/(0 - 2 - t). Suppose 4*x + 4*b = 8, f*x - b = -4*x + 33. Is x prime?
True
Let i = -266 + 879. Is i a composite number?
False
Is 1*586*(-40 - -41) a prime number?
False
Is (-254)/3*21/(-14) a prime number?
True
Let z = 1742 + 1441. Is z prime?
False
Let w = 2395 - 1658. Is w a prime number?
False
Suppose 19*m - 5*m - 15554 = 0. Is m composite?
True
Let v = 6 + -11. Let j(h) = 6*h**2 + 4*h + 7. Let o be j(v). Let u = o - 72. Is u a prime number?
False
Suppose n - 3*n + 2 = 0. Let p(z) = -3*z**3 + z - 1. Let r be p(n). Is (2/r)/((-5)/165) a prime number?
False
Let a(d) = -d**3 + 5*d**2 - 4*d + 